 of 100 and x?
25
Suppose 2*y + 27 = -q + 101, 5*y - 5*q - 170 = 0. Suppose 2 = -7*b + 128. Calculate the greatest common factor of b and y.
18
Suppose 0 = -s + 25 - 17. Let r be (6/s)/(2/8). Suppose 0 = -z + c + 12 + 18, -r*z + 86 = -5*c. What is the greatest common factor of 80 and z?
16
Suppose 0 = 4*d + a - 154 + 554, 400 = -4*d - 4*a. Let k be (d/(-150))/(2/12). Calculate the highest common divisor of k and 23.
1
Let m = 1238 + 7472. Calculate the highest common factor of 130 and m.
130
Suppose -5*u - 1411 = -6*u + 624. What is the highest common divisor of u and 165?
55
Suppose 9*l - 168 = 10*l. Let s = l + 180. Suppose -232 + 40 = -4*c. Calculate the highest common factor of c and s.
12
Let c(x) = -183*x + 5494. Let q be c(28). What is the greatest common divisor of q and 4662?
74
Let g = -92 + 4. Let p = -28 - g. Suppose 9*i - p = 4*i. Calculate the greatest common divisor of 6 and i.
6
Let r be (-7)/28 - (-123)/(-4). Let n = r + 16. Let g = 18 + n. What is the highest common factor of g and 21?
3
Suppose 5*i - 910 = -4*d, -4*d - 459 - 451 = -5*i. Calculate the highest common factor of 56 and i.
14
Suppose -2*w - 184 = -17*m + 13*m, -4*m - 3*w = -174. Calculate the greatest common factor of 1875 and m.
15
Suppose -4*i + 701 = -n, 3*n + 129 = 2*i - 224. Let r be 60/18*(69/(-5) - -3). Let w be 8/(-2*4/r) - 1. What is the greatest common factor of w and i?
35
Let s = -7345 - -7360. Let y be (-18)/(-12)*110/3. What is the highest common divisor of s and y?
5
Let g = -161 - -45. Let x = g + 122. Calculate the greatest common divisor of x and 60.
6
Let i = -101 + 219. Let m = i + -73. What is the highest common factor of 20 and m?
5
Let w = 232 - 96. Let o = -208 + w. Let j = o + 97. What is the greatest common factor of 225 and j?
25
Let f be (-1030)/(-25) - (-3)/(-15). Let s = f - 32. Calculate the greatest common divisor of 1 and s.
1
Let j = 3990 - 3538. What is the greatest common divisor of 113 and j?
113
Let p = -1667 + 1700. Calculate the greatest common factor of 1419 and p.
33
Suppose 0 = 5*r - 2*p + 1733, 0 = -3*r - 8*p + 11*p - 1047. Let h = r + 644. Calculate the highest common divisor of h and 13.
13
Let v(t) = 315*t**2 + 9*t - 18. Let u be v(2). Suppose 93*w - u = 86*w. What is the highest common divisor of w and 40?
20
Suppose 5 + 49 = 6*g. Suppose -34 = -g*a + 83. What is the greatest common divisor of a and 260?
13
Suppose -4*u - l = -585, 5*l = 2*u - 432 + 145. What is the greatest common divisor of 5986 and u?
146
Let r be ((-221)/13 - -15) + 147/3. Calculate the greatest common factor of r and 893.
47
Let y(c) = -11*c - 11. Let k be y(-2). Suppose 0 = -k*u + 254 + 21. What is the highest common divisor of 5 and u?
5
Suppose 1948 - 400 = 73*q - 30*q. Calculate the greatest common divisor of q and 30.
6
Suppose -2*g - 5*j = 3*g - 30, 4*j = 5*g - 57. Suppose -i - g = -2*v, -2*i - 2*i = -2*v + 30. Let k = 33 - i. Calculate the greatest common divisor of k and 4.
4
Suppose 7*l + 60 = 2*l. Let b = l - -25. Let j = 4770 - 4679. What is the greatest common divisor of b and j?
13
Suppose 20 + 12 = 4*m. Suppose -2*l + m = -4. Let t be 6*64/l + (0 - -2). What is the highest common factor of t and 44?
22
Let o = -12418 - -12453. Calculate the highest common factor of o and 535.
5
Let i be ((-8)/6)/((-19)/((-456)/(-16))). Suppose x + 3 = g, 4*x = i*g - 1 - 7. Calculate the highest common factor of 41 and g.
1
Let x be -1 + (-6)/3 + 123. Let i be (-16)/3*15/(-4). Let j = i + 28. What is the greatest common factor of j and x?
24
Suppose -343*s + 19058189 - 778690 = 0. Calculate the highest common factor of s and 389.
389
Let p = -39 - -42. Let z be (-23)/(-9)*3*p. Let n = -50 + 96. What is the highest common factor of n and z?
23
Let h = -52 + 55. Suppose -2*c + 37 = 5*y, 9 = -h*c - 3*y + 78. Let q be ((-1)/(3/(-39)))/1. What is the highest common divisor of c and q?
13
Let t(l) = 24*l - 88. Let u be t(12). Suppose 2*x = -3*x + u. What is the greatest common divisor of 64 and x?
8
Suppose -2*v = -61 + 5. Suppose -55 + 247 = 3*q. Suppose 4*k + 4*n - 292 = 0, n - 3*n = -k + q. What is the highest common divisor of k and v?
14
Let n(v) = -2706*v - 5374. Let d be n(-2). Let j(g) = 5*g**3 - g**2 + 2. Let y be j(2). What is the highest common factor of y and d?
38
Let t(r) be the first derivative of 7*r**2/2 + 3*r + 44. Let c be t(6). Calculate the greatest common divisor of c and 5.
5
Let n be (-49002)/(-27) - 380/(-342). What is the greatest common factor of n and 2497?
227
Suppose 6*k = 72 + 114. Let w = k - 39. Let y = w - -56. Calculate the highest common divisor of y and 12.
12
Suppose -o - 94*i = -97*i - 106, 0 = -o - 3*i + 46. Let p = 14 + 5. Calculate the greatest common divisor of p and o.
19
Let q be (-51)/(-17) + 1*(-1 - -1). Let r be (-9)/27*(21*-3 - q). What is the greatest common factor of 286 and r?
22
Suppose -810 = -10*i + 5*i. Let g = 10172 + -9983. Calculate the greatest common divisor of i and g.
27
Suppose -9*b - 3*c = -4*b - 150, 5*b = -c + 160. Let w = b + -26. Let g = 137 + -60. Calculate the greatest common divisor of w and g.
7
Let o(w) = -4*w**3 - 17*w**2 - 6*w - 6. Let t be o(-4). Let g be (3 - t) + 78 + -5. Calculate the greatest common factor of g and 740.
74
Suppose 0 = -4*b - 20, 14 = -3*i + 4*i - b. Suppose i*h + 1407 = 4773. Suppose -14*y = -h + 24. Calculate the highest common divisor of 5 and y.
5
Let m be (153/(-6))/(1/2). Let c = m + 56. Suppose 4*a = -2*r + 62, 2*a - 19 = c*r + 30. What is the greatest common divisor of 187 and a?
17
Suppose -5 = -2*c + z, 18*z + 5 = 3*c + 17*z. Suppose c = -112*j + 103*j + 1656. What is the greatest common factor of j and 138?
46
Let l be 90/5*(-2 + 1). Let b = -16 - l. Suppose -b*h - 272 = -3*q, 3*q + 3*h - 97 - 170 = 0. Calculate the greatest common factor of q and 15.
15
Suppose 0 = -2*b - 4*x + 8054, 9002 = 2*b - 2*x + 978. What is the greatest common factor of b and 39?
39
Suppose -2*n - 11*g + 13*g + 46 = 0, 2*n + 4*g = 22. Let t be (15/6)/5*2. Calculate the highest common divisor of t and n.
1
Let w(i) = -i**3 - 94*i**2 - 446*i - 29. Let b be w(-89). Let x = -6 + 30. Calculate the highest common divisor of x and b.
12
Suppose 2*f + 6*f + 1680 = 0. Let j = -191 - f. What is the highest common factor of j and 38?
19
Suppose -3*m + 138 = -m. Suppose -33*l - 15609 = -9*l - 16713. Calculate the highest common factor of l and m.
23
Suppose -3*y - x + 314 = -5*x, 4*y - 3*x = 407. What is the greatest common divisor of 2891 and y?
49
Let x be (-366)/(1 - 3)*(-6)/((-10)/5). What is the highest common factor of x and 288?
9
Let c be 2*-1 + (-64)/(-2). Let n = 1229 - 1220. Let o be (n/(-15))/(1/(-10)). What is the greatest common divisor of o and c?
6
Suppose -k = -4*k + 9. Let y be k + -3 + 6/2. Suppose 2*t - 6*m - 6 = -m, 0 = -3*t + y*m + 27. Calculate the highest common divisor of 104 and t.
13
Let j = -11458 - -12574. Calculate the highest common divisor of 156 and j.
12
Suppose -62*y + 165 = -517. Let t = 6 + -5. Let b be (-6)/((-2)/t) - -8. What is the highest common divisor of b and y?
11
Let x(b) = -3616*b - 2149. Let j be x(-4). What is the highest common divisor of 15 and j?
15
Suppose 77*s = 79*s - 405 + 87. What is the highest common factor of 1378 and s?
53
Let k = -58192 + 58231. Let c = 355 + -108. What is the greatest common factor of k and c?
13
Suppose 0 = 4*y + 61*p - 60*p - 1067, 3*p = 4*y - 1055. What is the greatest common divisor of y and 1729?
133
Let c = 668 - 973. Let p = c - -450. What is the greatest common divisor of 29 and p?
29
Suppose -52402 - 21446 + 7818 = -15*z. Calculate the greatest common factor of 744 and z.
62
Let x be (-17 - -32)*(-406 - 1). Let a be (-1*2)/(-3 + x/(-2040)). Calculate the highest common divisor of a and 16.
16
Let n be ((-40)/(-120) - (-69)/(-45))/((-1)/155). Calculate the highest common factor of 1209 and n.
93
Let c(i) = 3*i + 4. Let t be c(9). Suppose -2*s - 1213 = -3*y, 5*y - 2*s - 2017 = -s. What is the highest common divisor of y and t?
31
Suppose 0 = 291*k + 13644 - 42744. Calculate the highest common divisor of 12600 and k.
100
Let z = -532 - -2161. Calculate the highest common divisor of z and 724.
181
Let k be 16/22*(90 + -35). Calculate the greatest common factor of k and 650.
10
Let h(m) = m**2 + 4